ivative of p**5/60 - 5*p**4/24 - 7*p**3/6 + 5*p**2. Let m be i(6). Let h = m - -7. What are the prime factors of h?
2, 3
Let z = -294 + 483. List the prime factors of z.
3, 7
List the prime factors of ((-36)/10)/(6/4305*-7).
3, 41
Let k(j) = 9*j**2 + 4*j - 21. Let y be ((-40)/28)/(-5) - 40/(-7). List the prime factors of k(y).
3, 109
Let b(y) = -y**3 + 5*y**2 + y + 1. Let d be b(5). Suppose d - 42 = -6*c. Let r(h) = h**2 - 5*h + 7. List the prime factors of r(c).
13
Let a = -36 - -34. Let v be a/(-2)*(-6 + 13). Let z = v + 13. What are the prime factors of z?
2, 5
Let b = -13 - -28. Suppose 0 = 27*u - 25*u - 6. Suppose 0 = -u*s + 4*s - b. What are the prime factors of s?
3, 5
Suppose 0 = 8*d - 810 - 214. Suppose 584 = 4*l + d. List the prime factors of l.
2, 3, 19
Suppose c + 2*z - 211 = 0, 2*c - 628 = -c - z. What are the prime factors of c?
11, 19
Let k be (-99)/54 - (-1)/(-6). What are the prime factors of ((-54)/15)/(k/25)?
3, 5
Let z(x) = x**3 - 7*x**2 - 9*x + 12. Let m be z(8). Let q = 100 - m. What are the prime factors of q?
2, 3
Let y = 93 - 81. What are the prime factors of (10/4 - -2)*544/y?
2, 3, 17
Let l be 500/180 - 2/(-9). Suppose 252 = j + l*j. What are the prime factors of j?
3, 7
Let y(u) = -32*u - 185. Let t be y(-8). Let z = 44 - 81. Let a = t + z. List the prime factors of a.
2, 17
Let s(o) = -4*o - 49. Let r be s(-13). Suppose 4*z + 313 + 443 = r*u, -2*u - 4*z = -524. List the prime factors of u.
2
Let w = -11 - -17. Let c be ((-20)/w)/((-4)/6). Suppose -70 = -4*d - c*t, t = -d + 4 + 14. What are the prime factors of d?
2, 5
Let a = -5504 + 9416. What are the prime factors of a?
2, 3, 163
Let h(z) = -14*z - 28. Suppose 0 = 5*g - 3*g + 4*q + 28, 2*q = g + 10. What are the prime factors of h(g)?
2, 5, 7
Suppose -3*d - 2*c + 1761 = 0, 4*d = -0*d - 4*c + 2348. What are the prime factors of d?
587
Let q be (-1 + 1)/2 - 0. Suppose 4*b + 2*j - 71 = -j, -2*b + 4*j + 52 = q. Suppose -5*h = -90 - b. What are the prime factors of h?
2, 11
Let h = 27 - 18. Let l = 12 - h. Let r(i) = i**2 - 2. What are the prime factors of r(l)?
7
Let i(t) = t + 14. Let u be i(-14). Suppose 0 = -u*s - 5*s + 335. What are the prime factors of s?
67
Suppose o + 9*o = 1570. List the prime factors of o.
157
Suppose 214 = 4*p - i - 30, -160 = -3*p - 5*i. What are the prime factors of ((-36)/(-5))/(18/p)?
2, 3
Let u = 123 + -96. Let q(n) = 2*n**3 - 55*n**2 + 28*n - 5. List the prime factors of q(u).
2, 11
Let v be (28/(-21))/(2/(-3)). What are the prime factors of v/14 + 152/14?
11
Suppose 5*a = -i + 20, -a + 2 = -2*i - 2. Let g be (0/a)/(2*1). Suppose g = -3*p + 49 - 10. What are the prime factors of p?
13
Let w = 38 - 33. Suppose a + 0*z - 10 = -w*z, 5*a = -z + 170. List the prime factors of a.
5, 7
Let k(x) = 64*x**3 + x**2 + 2*x - 1. Let y be k(2). Suppose -g + 341 = 2*z, 0*g - g = -3*z + y. List the prime factors of z.
2, 43
List the prime factors of 0 - 9/((-36)/8).
2
Let p(j) = -2*j**3 - 8*j**2 + 8*j - 23. What are the prime factors of p(-8)?
5, 17
Suppose 0 = 2*d - 5*t - 1 - 9, 4*t = -5*d - 8. Suppose -3*x + d*x = 0. Suppose 3*s + s + l - 85 = 0, x = -5*s - 3*l + 115. What are the prime factors of s?
2, 5
Suppose -3 = f - 2*f. Suppose -f = 5*s - 13. Suppose s*r = -2*r + 260. List the prime factors of r.
5, 13
Suppose 0 = 4*c - 2*u + 6*u - 400, 0 = 2*c - u - 185. Suppose -8*w + 97 = -c. List the prime factors of w.
2, 3
Suppose r = -4 - 4. Let s = r + 6. What are the prime factors of (-41)/s + (-3)/2?
19
Let k be 333/(-63) - (-4)/14. Let z be -3 - (k - 4 - -4). Suppose z*w - 2*o - 64 = 0, 133 = 5*w + 2*o - 34. What are the prime factors of w?
3, 11
Let f(t) = -292*t - 391. What are the prime factors of f(-12)?
11, 283
Let c(g) = -61*g - 6. Let a be c(-3). Suppose -2*u - 4*x + 226 = 0, -2*x + a - 599 = -4*u. List the prime factors of u.
107
Suppose 15*j = 18*j - 3897. What are the prime factors of j?
3, 433
Let q(h) = h**3 - 24*h**2 + 117. What are the prime factors of q(27)?
2, 3
Suppose -5*z = n - 6433, -3*z + 3864 = -6*n + 8*n. What are the prime factors of z?
2, 643
Let o(c) = 5*c + c**2 + 2*c**2 + 10 - c**2 - 3*c**2. Let j be o(6). Suppose j*l - 128 = 52. List the prime factors of l.
3, 5
Let h be (1 + 2)*20/5. Let w = h - -94. List the prime factors of w.
2, 53
Let l(h) = h**3 - 7*h**2 - 2*h - 21. Suppose 3*c - 15 = 0, -6*u + 3*u = -c - 22. List the prime factors of l(u).
3, 41
Let n(j) = j**3 + 23*j**2 - 19*j - 51. What are the prime factors of n(-17)?
2, 17, 59
Let i = -199 + 390. List the prime factors of i.
191
Let j be (23 + (-4 - -4))/1. Let b = -6 - j. Let w = 95 + b. What are the prime factors of w?
2, 3, 11
Suppose -12*t + t + 33748 = 0. List the prime factors of t.
2, 13, 59
Suppose 3*z = d - 424 - 331, -1483 = -2*d - 3*z. What are the prime factors of d?
2, 373
Let u be ((-6)/4)/((-12)/32). Suppose 0 = -3*q + j - 2*j + 23, 3*q - 38 = -u*j. Suppose 2*n - q*n + 96 = 0. List the prime factors of n.
2, 3
Let m(t) = 5*t - 10. Let f be 18/(-9) - (0 - -8). Let h be ((-84)/(-35))/((-3)/f). What are the prime factors of m(h)?
2, 3, 5
What are the prime factors of (-15)/(525/(-154))*685?
2, 11, 137
Let j(r) be the third derivative of -1/12*r**4 + 11*r**2 + 0 + 1/6*r**3 + 0*r. List the prime factors of j(-16).
3, 11
Suppose -7*f + 4*f = -594. Let m be (-15)/(-75) - f/(-10). Suppose -5*j = 5*v - m, -v = j + 3*v - 4. List the prime factors of j.
2
Suppose 5*y - 9 = -w, 4*w + 4*y - 2 - 2 = 0. What are the prime factors of w/1 + (69 - 4)?
2
Let x = 891 - 887. Let p(n) = 3 + 4*n + 6 - 2. What are the prime factors of p(x)?
23
Let p(u) = -u**3 + 7*u**2 + 70. What are the prime factors of p(0)?
2, 5, 7
Suppose -65 = -7*z - 16. Suppose z*l - 3*l - 224 = 0. What are the prime factors of l?
2, 7
Let w(o) = -o + 1. Let v be w(1). Let h(i) = i + 3. Let x be h(v). Suppose 76 + 46 = 4*l + 5*n, 6 = x*n. List the prime factors of l.
2, 7
Let j(m) = 2*m**2 + 1. Let s be j(-2). Suppose -4*p = -209 + s. List the prime factors of p.
2, 5
Suppose -6*s = i - s - 564, 3*i - 1620 = 3*s. What are the prime factors of i?
2, 17
Let c(n) = -5*n**2 - n + 482. List the prime factors of c(0).
2, 241
Let v(f) = -f**2 - 5*f - 6. Let l be v(-3). Suppose l + 18 = 9*j. Suppose g + 5*w - 34 = 0, -j*g - 5*w + 34 = -19. What are the prime factors of g?
19
Suppose 40 = -4*j - j. Let m(c) = -2*c + 6. Let x be m(j). Let i = x + 2. List the prime factors of i.
2, 3
Let g be 5/(25/2)*15. Suppose -5*t - 2*q = 30, -t + 0*q = -2*q - g. Let c(j) = j**2 + 1. List the prime factors of c(t).
17
Let a(u) be the third derivative of 5*u**4/6 - 11*u**3/6 + 41*u**2. List the prime factors of a(11).
11, 19
What are the prime factors of 3/(-30) + (158436/(-40))/(-9)?
2, 5, 11
Let m(v) = -v**3 + 5*v**2 - 4*v + 2*v - v + 1. Let i be (-6)/(-14) + (-150)/(-42). List the prime factors of m(i).
5
Let m be 3/(-6) + 25/10. Suppose 5*i + 40 = 5*r, -5*r + i + 40 = -m*i. What are the prime factors of (14/r)/((-2)/(-16))?
2, 7
Let d = -42 + 3. Let v = 7 - d. What are the prime factors of v?
2, 23
Suppose -11*x + 8716 = -13504. List the prime factors of x.
2, 5, 101
Suppose 1627 = 12*p + 595. What are the prime factors of p?
2, 43
Let q(u) = u**3 - 7*u - 15. List the prime factors of q(6).
3, 53
Let m(f) = f**3 + 14*f**2 + 13*f + 3. Let c be m(-13). Suppose -c*v = -7*v + 12. List the prime factors of v.
3
Suppose 2*b - 194 = 5*m, 4*m = -7*b + 2*b + 419. Suppose b = n + 18. What are the prime factors of n?
3, 23
Let u = -33 - -36. Suppose 6*d = 5*d + 4*o + 6, 0 = 3*d - u*o - 63. What are the prime factors of d?
2, 13
What are the prime factors of 3728/(-28)*35/(-10)?
2, 233
Let o = 1822 - 533. What are the prime factors of o?
1289
Let s = 1011 - 480. What are the prime factors of s?
3, 59
Let m(q) = -2*q**3 - q**2 - 2*q - 2. Let b be m(-1). List the prime factors of 3 - (-3 - (b - (-198)/3)).
73
List the prime factors of 35355/7 + 48/168 - 2.
3, 11, 17
Let r(m) = m**3 + 4*m**2 - 3*m + 6. Let y be r(-5). Let a be 7 + y - -2*1. Suppose 5*o = -2*h + 36 + 37, -a*o + 71 = 4*h. List the prime factors of o.
3, 5
Suppose 3*i - 4*q = 5544, -2*q - 7385 = -4*i + q. List the prime factors of i.
2, 461
Suppose -10*r + 21588 = -5702. What are the prime factors of r?
2729
Let y(d) = d**2 - 12*d + 48. List the prime factors of